76?
4
What is the hundred thousands digit of 136936462?
9
What is the thousands digit of 363716524?
6
What is the thousands digit of 670296647?
6
What is the units digit of 194263045?
5
What is the billions digit of 3902605071?
3
What is the thousands digit of 528468192?
8
What is the units digit of 61674240?
0
What is the units digit of 133314959?
9
What is the hundred millions digit of 285355436?
2
What is the hundreds digit of 159099783?
7
What is the ten millions digit of 328651219?
2
What is the units digit of 4553305177?
7
What is the ten thousands digit of 21417576?
1
What is the tens digit of 4696595987?
8
What is the thousands digit of 12010065?
0
What is the tens digit of 61587394?
9
What is the ten millions digit of 31663650?
3
What is the thousands digit of 72919155?
9
What is the units digit of 5549030309?
9
What is the units digit of 59711668?
8
What is the millions digit of 42443186?
2
What is the millions digit of 43554054?
3
What is the units digit of 28806863?
3
What is the billions digit of 1905796800?
1
What is the thousands digit of 462402498?
2
What is the tens digit of 248499465?
6
What is the thousands digit of 2243699419?
9
What is the tens digit of 1049276187?
8
What is the hundred thousands digit of 303293358?
2
What is the hundred thousands digit of 75959764?
9
What is the millions digit of 304201809?
4
What is the millions digit of 183429684?
3
What is the ten thousands digit of 6684038?
8
What is the ten thousands digit of 4061809548?
0
What is the hundred thousands digit of 98614250?
6
What is the thousands digit of 36606369?
6
What is the billions digit of 6269128897?
6
What is the millions digit of 45400658?
5
What is the hundreds digit of 59034028?
0
What is the thousands digit of 164664422?
4
What is the units digit of 4433763740?
0
What is the ten millions digit of 38911247?
3
What is the hundred millions digit of 100171283?
1
What is the thousands digit of 3175662837?
2
What is the tens digit of 723390250?
5
What is the tens digit of 44291312?
1
What is the tens digit of 117572342?
4
What is the ten millions digit of 796693074?
9
What is the units digit of 70146895?
5
What is the units digit of 36514401?
1
What is the millions digit of 17698940?
7
What is the units digit of 82849101?
1
What is the ten millions digit of 374023003?
7
What is the ten millions digit of 366920806?
6
What is the ten millions digit of 219547188?
1
What is the hundreds digit of 2327151314?
3
What is the hundred millions digit of 613325348?
6
What is the hundred thousands digit of 1321900721?
9
What is the ten thousands digit of 71961256?
6
What is the tens digit of 41047653?
5
What is the ten millions digit of 6391575767?
9
What is the ten millions digit of 175597057?
7
What is the ten thousands digit of 1082382931?
8
What is the thousands digit of 7451723649?
3
What is the millions digit of 289482456?
9
What is the hundred millions digit of 123553771?
1
What is the ten thousands digit of 625550783?
5
What is the hundreds digit of 1486586010?
0
What is the units digit of 65404049?
9
What is the units digit of 601813653?
3
What is the millions digit of 1003342459?
3
What is the ten millions digit of 266996639?
6
What is the thousands digit of 412189397?
9
What is the ten millions digit of 4354022187?
5
What is the tens digit of 492959241?
4
What is the hundreds digit of 52967813?
8
What is the units digit of 36707747?
7
What is the ten thousands digit of 742583061?
8
What is the units digit of 24503915?
5
What is the hundred thousands digit of 416159652?
1
What is the ten thousands digit of 1769513508?
1
What is the ten millions digit of 859302827?
5
What is the tens digit of 20278720?
2
What is the tens digit of 992084701?
0
What is the tens digit of 22453275?
7
What is the thousands digit of 1906155527?
5
What is the hundred thousands digit of 1208531?
2
What is the hundred millions digit of 1019315041?
0
What is the hundred millions digit of 573379402?
5
What is the tens digit of 371125314?
1
What is the hundred thousands digit of 1668321767?
3
What is the thousands digit of 87801121?
1
What is the hundred thousands digit of 1407928149?
9
What is the hundred millions digit of 3566394088?
5
What is the units digit of 176190628?
8
What is the ten millions digit of 581289829?
8
What is the units digit of 46527145?
5
What is the ten thousands digit of 115423210?
2
What is the ten millions digit of 13717280?
1
What is the units digit of 150459109?
9
What is the thousands digit of 71757981?
7
What is the millions digit of 749276814?
9
What is the millions digit of 4930559013?
0
What is the units digit of 177583164?
4
What is the hundred thousands digit of 33037730?
0
What is the hundreds digit of 1613032039?
0
What is the hundred thousands digit of 3791161?
7
What is the ten millions digit of 4523047556?
2
What is the tens digit of 162925399?
9
What is the hundred millions digit of 326908795?
3
What is the ten thousands digit of 59200453?
0
What is the ten thousands digit of 74647987?
4
What is the millions digit of 205409676?
5
What is the hundreds digit of 226713626?
6
What is the hundreds digit of 45471423?
4
What is the millions digit of 639142400?
9
What is the ten millions digit of 4393987735?
9
What is the ten millions digit of 72873746?
7
What is the billions digit of 3667648612?
3
What is the ten thousands digit of 3030382937?
8
What is the hundreds digit of 5831674?
6
What is the tens digit of 424191468?
6
What is the hundred millions digit of 203731661?
2
What is the ten thousands digit of 88498432?
9
What is the millions digit of 38599726?
8
What is the hundred thousands digit of 235229685?
2
What is the tens digit of 287671025?
2
What is the hundreds digit of 30783760?
7
What is the ten thousands digit of 2865711838?
1
What is the tens digit of 2474763488?
8
What is the millions digit of 508465268?
8
What is the tens digit of 1493809553?
5
What is the thousands digit of 4253191?
3
What is the hundred thousands digit of 262662492?
6
What is the hundred millions digit of 3994884856?
9
What is the units digit of 37704185?
5
What is the thousands digit of 125552005?
2
What is the units digit of 118578863?
3
What is the millions digit of 2298860781?
8
What is the tens digit of 88297857?
5
What is the tens digit of 74435571?
7
What is the hundred thousands digit of 1706053?
7
What is the units digit of 1111057911?
1
What is the hundred thousands digit of 15769340?
7
What is the thousands digit of 1899680110?
0
What is the units digit of 240596633?
3
What is the tens digit of 468616797?
9
What is the millions digit of 87038532?
7
What is the hundreds digit of 824124977?
9
What is the ten millions digit of 697533535?
9
What is the ten millions digit of 326203281?
2
What is the ten millions digit of 371764584?
7
What is the units digit of 282125665?
5
What is the ten millions digit of 1264597868?
6
What is the units digit of 414703609?
9
What is the hundred millions digit of 238606900?
2
What is the units digit of 95404722?
2
What is the thousands digit of 52838888?
8
What is the thousands digit of 80934487?
4
What is the ten thousands digit of 816027957?
2
What is the hundred thousands digit of 790426186?
4
What is the hundred thousands digit of 2288070191?
0
What is the tens digit of 2167200053?
5
What is the ten thousands digit of 40063631?
6
What is the thousands digit of 181966036?
6
What is the ten thousands digit of 895166692?
6
What is the tens digit of 58588303?
0
What is the thousands digit of 23930201?
0
What is the ten millions digit of 35280744?
3
What is the billions digit of 2233284816?
2
What is the ten thousands digit of 63929326?
2
What is the hundred thousands digit of 5446714326?
7
What is the tens digit of 2193014249?
4
What is the ten millions digit of 5389185723?
8
What is the tens digit of 48097864?
6
What is the billions digit of 1815133031?
1
What is the hundred thousands digit of 44101767?
1
What is the thousands digit of 308680677?
0
What is the hundred thousands digit of 47859040?
8
What is the hundred thousands digit of 45768761?
7
What is the ten thousands digit of 95778889?
7
What is the units digit of 311553956?
6
What is the units digit of 143402832?
2
What is the hundred thousands digit of 12